

{"id":427,"date":"2025-06-26T15:29:19","date_gmt":"2025-06-26T13:29:19","guid":{"rendered":"https:\/\/www.aqualand.fr\/port-leucate\/?page_id=427"},"modified":"2025-06-30T16:45:06","modified_gmt":"2025-06-30T14:45:06","slug":"grand-jeu-concours-aqualand-ouverture-2025-100-gagnant","status":"publish","type":"page","link":"https:\/\/www.aqualand.fr\/port-leucate\/grand-jeu-concours-aqualand-ouverture-2025-100-gagnant\/","title":{"rendered":"GRAND JEU CONCOURS AQUALAND OUVERTURE 2025 &#8211; 100% GAGNANT !"},"content":{"rendered":"\n<h2 class=\"wp-block-heading has-text-align-center\">GRAND JEU CONCOURS AQUALAND OUVERTURE 2025 &#8211; 100% GAGNANT !<\/h2>\n\n\n\n<p class=\"has-text-align-center\">&#x1f5d3;&#xfe0f;<em>Du Lundi 30 Juin au Lundi 07 Juillet 2025.<\/em><\/p>\n\n\n\n<div class=\"wp-block-stackable-spacer stk-block-spacer stk--no-padding stk-block stk-9789e0f\" data-block-id=\"9789e0f\"><style>.stk-9789e0f {height:36px !important;}<\/style><\/div>\n\n\n\n<h2 class=\"wp-block-heading has-text-align-center\"><strong _msttexthash=\"11486800\" _msthash=\"479\"><strong _msttexthash=\"233766\" _msthash=\"490\">Participez au Grand Jeu Concours Aqualand et tentez de gagner vos invitations pour la Saison 2025 !<\/strong><\/strong><\/h2>\n\n\n\n<div class=\"wp-block-stackable-spacer stk-block-spacer stk--no-padding stk-block stk-dc3cfe6\" data-block-id=\"dc3cfe6\"><style>.stk-dc3cfe6 {height:36px !important;}<\/style><\/div>\n\n\n\n<h3 class=\"wp-block-heading has-text-align-center\"><strong>4 INVITATIONS x 5 GAGNANTS ! &#x1f973;<\/strong><\/h3>\n\n\n\n<div class=\"wp-block-stackable-spacer stk-block-spacer stk--no-padding stk-block stk-8495e24\" data-block-id=\"8495e24\"><style>.stk-8495e24 {height:36px !important;}<\/style><\/div>\n\n\n\n<p>Envie de partager une journ\u00e9e \u00e9claboussante avec vos proches ? Tentez votre chance et remportez&nbsp;<strong>4 entr\u00e9es pour Aqualand <\/strong>! Que ce soit en famille ou entre amis (car les amis, c\u2019est aussi la famille ! &#x1f499;), plongez dans l&#8217;aventure entre toboggans, vagues et d\u00e9tente au soleil. &#x2600;&#xfe0f;&#x1f4a6;<\/p>\n\n\n\n<div class=\"wp-block-stackable-spacer stk-block-spacer stk--no-padding stk-block stk-7916515\" data-block-id=\"7916515\"><style>.stk-7916515 {height:36px !important;}<\/style><\/div>\n\n\n\n<h2 class=\"wp-block-heading\"><strong>Comment participer ?<\/strong><\/h2>\n\n\n\n<p>&#x23f1;&#xfe0f;C\u2019est simple et rapide ! Suivez ces \u00e9tapes :<\/p>\n\n\n\n<p>&#x27a1;&#xfe0f;<strong>Abonnez-vous<\/strong>&nbsp;\u00e0 notre compte Instagram ou \u00e0 notre page Facebook&nbsp;: @aqualandportleucatefrancia<br>&#x27a1;&#xfe0f;<strong>Mentionnez&nbsp;<\/strong>deux amis sous la publication du Jeu Concours.<br>&#x27a1;&#xfe0f;<strong>Remplissez le formulaire ci-dessous<\/strong>&nbsp;&#x1f447; pour valider votre participation.<\/p>\n\n\n\n<p>&#x2b50;<strong>DOUBLEZ VOTRE CHANCE :&nbsp;<\/strong>D\u00e9posez votre avis Google, juste ici &#x2b07;&#xfe0f;<\/p>\n\n\n\n<div class=\"wp-block-stackable-spacer stk-block-spacer stk--no-padding stk-block stk-77ab653\" data-block-id=\"77ab653\"><style>.stk-77ab653 {height:36px !important;}<\/style><\/div>\n\n\n\n<div class=\"wp-block-stackable-button-group stk-block-button-group stk-block stk-5100018\" data-block-id=\"5100018\"><div class=\"stk-row stk-inner-blocks has-text-align-center stk-block-content stk-button-group\">\n<div class=\"wp-block-stackable-button stk-block-button stk-block stk-17b0ce9\" data-block-id=\"17b0ce9\"><style>.stk-17b0ce9 .stk-button{min-height:0px !important;background:#0693e3 !important;border-top-left-radius:11px !important;border-top-right-radius:11px !important;border-bottom-right-radius:11px !important;border-bottom-left-radius:11px !important;}.stk-17b0ce9 .stk-button:before{border-style:solid !important;border-top-width:1px !important;border-right-width:1px !important;border-bottom-width:1px !important;border-left-width:1px !important;}.stk-17b0ce9 .stk-button__inner-text{color:#ffffff !important;}<\/style><a class=\"stk-link stk-button stk--hover-effect-darken\" href=\"https:\/\/www.google.com\/search?client=safari&amp;sca_esv=292556bc86c4e054&amp;hl=fr&amp;q=avis+sur+aqualand+port+leucate&amp;uds=AOm0WdE2fekQnsyfYEw8JPYozOKzWPgJ8bmPurRhXWflOMhJR9wgU85WkLvFacv847rcFNcswRmVuhmCaIf-bwY8mXAqpyPyLJVFJ2cVAJSZqd8S1XKrfsr0GnC-o5l13GFlWC8h2zm9ht9WepyfXK2IlenJZQfcpV_DcVwxQ8ykr_gSWyIzrWDz_rK-N1ob1lSCmYo9oOfQ&amp;si=AMgyJEuzsz2NflaaWzrzdpjxXXRaJ2hfdMsbe_mSWso6src8s3SV0JRH9DpJGWqTJOVhQcl7ynO2nnxs1_C3YQeLoHE53PmgoknUJ35Tq8LeXP6s2AXc4cr5Mf4tO7b4s6NUXrllnKF9QFoNiVAFAnGy1rKdveLbkA%3D%3D&amp;sa=X&amp;ved=2ahUKEwjr-5ubn5mOAxXffKQEHalRHgcQxKsJKAB6BAgLEAE&amp;ictx=1&amp;stq=1&amp;cs=0&amp;lei=G5BiaKuCHN_5kdUPqaP5OA\" target=\"_blank\" rel=\"noreferrer noopener\"><span class=\"has-text-color stk-button__inner-text\"><strong>Je d\u00e9pose un avis ! &#x270f;&#xfe0f;<\/strong><\/span><\/a><\/div>\n<\/div><\/div>\n\n\n\n<div class=\"wp-block-stackable-spacer stk-block-spacer stk--no-padding stk-block stk-256560e\" data-block-id=\"256560e\"><style>.stk-256560e {height:36px !important;}<\/style><\/div>\n\n\n\n<p>&#x1f39f;&#xfe0f;\u200b&nbsp;<strong>\u00c0 GAGNER :<\/strong>&nbsp;<strong>4 Entr\u00e9es pour la Saison 2025<\/strong>, id\u00e9al pour une journ\u00e9e riche en plongeons, en rires et en moments complices avec ceux qui comptent le + pour vous !<\/p>\n\n\n\n<div class=\"wp-block-contact-form-7-contact-form-selector\">\n<div class=\"wpcf7 no-js\" id=\"wpcf7-f426-o1\" lang=\"es-ES\" dir=\"ltr\" data-wpcf7-id=\"426\">\n<div class=\"screen-reader-response\"><p role=\"status\" aria-live=\"polite\" aria-atomic=\"true\"><\/p> <ul><\/ul><\/div>\n<form action=\"\/port-leucate\/wp-json\/wp\/v2\/pages\/427#wpcf7-f426-o1\" method=\"post\" class=\"wpcf7-form init\" aria-label=\"Formulario de contacto\" novalidate=\"novalidate\" data-status=\"init\">\n<fieldset class=\"hidden-fields-container\"><input type=\"hidden\" name=\"_wpcf7\" value=\"426\" \/><input type=\"hidden\" name=\"_wpcf7_version\" value=\"6.1.5\" \/><input type=\"hidden\" name=\"_wpcf7_locale\" value=\"es_ES\" \/><input type=\"hidden\" name=\"_wpcf7_unit_tag\" value=\"wpcf7-f426-o1\" \/><input type=\"hidden\" name=\"_wpcf7_container_post\" value=\"0\" \/><input type=\"hidden\" name=\"_wpcf7_posted_data_hash\" value=\"\" \/>\n<\/fieldset>\n<p><label> <strong>Votre nom<\/strong><br \/>\n<span class=\"wpcf7-form-control-wrap\" data-name=\"Nom\"><input size=\"40\" maxlength=\"400\" class=\"wpcf7-form-control wpcf7-text wpcf7-validates-as-required\" aria-required=\"true\" aria-invalid=\"false\" placeholder=\"Nom\" value=\"\" type=\"text\" name=\"Nom\" \/><\/span> <\/label>\n<\/p>\n<p><label> <strong>Votre pr\u00e9nom<\/strong><br \/>\n<span class=\"wpcf7-form-control-wrap\" data-name=\"Prenom\"><input size=\"40\" maxlength=\"400\" class=\"wpcf7-form-control wpcf7-text wpcf7-validates-as-required\" aria-required=\"true\" aria-invalid=\"false\" placeholder=\"Prenom\" value=\"\" type=\"text\" name=\"Prenom\" \/><\/span> <\/label>\n<\/p>\n<p><label> <strong>Votre code postale<\/strong><br \/>\n<span class=\"wpcf7-form-control-wrap\" data-name=\"Code\"><input size=\"40\" maxlength=\"400\" class=\"wpcf7-form-control wpcf7-text wpcf7-validates-as-required\" aria-required=\"true\" aria-invalid=\"false\" placeholder=\"Code\" value=\"\" type=\"text\" name=\"Code\" \/><\/span> <\/label>\n<\/p>\n<p><label> <strong>Votre e-mail<\/strong><br \/>\n<span class=\"wpcf7-form-control-wrap\" data-name=\"email\"><input size=\"40\" maxlength=\"400\" class=\"wpcf7-form-control wpcf7-email wpcf7-validates-as-required wpcf7-text wpcf7-validates-as-email\" aria-required=\"true\" aria-invalid=\"false\" placeholder=\"E-mail\" value=\"\" type=\"email\" name=\"email\" \/><\/span> <\/label>\n<\/p>\n<p><label> <strong>C\u00f4t\u00e9 RGPD<\/strong><br \/>\n<span class=\"wpcf7-form-control-wrap\" data-name=\"your-terms\"><span class=\"wpcf7-form-control wpcf7-acceptance\"><span class=\"wpcf7-list-item\"><input type=\"checkbox\" name=\"your-terms\" value=\"1\" aria-invalid=\"false\" \/><\/span><\/span><\/span> En cochant cette case, j'accepte la politique de confidentialit\u00e9 du site et consens \u00e0 recevoir nos emails marketing. <\/label>\n<\/p>\n<p><input class=\"wpcf7-form-control wpcf7-submit has-spinner\" type=\"submit\" value=\"Envoyer\" \/>\n<\/p><div class=\"wpcf7-response-output\" aria-hidden=\"true\"><\/div>\n<\/form>\n<\/div>\n<\/div>\n\n\n\n<div class=\"wp-block-stackable-spacer stk-block-spacer stk--no-padding stk-block stk-5ea5d25\" data-block-id=\"5ea5d25\"><style>.stk-5ea5d25 {height:36px !important;}<\/style><\/div>\n\n\n\n<h2 class=\"wp-block-heading\"><strong>Un Jeu Concours 100% gagnant !<\/strong><\/h2>\n\n\n\n<div class=\"wp-block-stackable-spacer stk-block-spacer stk--no-padding stk-block stk-1fd21a0\" data-block-id=\"1fd21a0\"><style>.stk-1fd21a0 {height:36px !important;}<\/style><\/div>\n\n\n\n<p>Que vous soyez tir\u00e9 au sort ou non,&nbsp;<strong>notre mascotte Bizi &#x1f9a6; a d\u00e9cid\u00e9 que tout le monde serait gagnant<\/strong>&nbsp;! Apr\u00e8s la fin du concours,&nbsp;<strong>votre loutre pr\u00e9f\u00e9r\u00e9e vous enverra une surprise exclusive par mail<\/strong>&nbsp;pour vous remercier de votre participation. &#x1f48c;<\/p>\n\n\n\n<p>Ne ratez pas cette opportunit\u00e9 unique ! &#x2728;&nbsp;<strong>Inscrivez-vous avant le Lundi 07 Juillet pour tenter votre chance.<\/strong>&nbsp;Les gagnants seront tir\u00e9s au sort et r\u00e9v\u00e9l\u00e9s sur nos r\u00e9seaux sociaux&nbsp;<em><strong>le Mardi 08 Juillet 2025<\/strong>.<\/em><\/p>\n\n\n\n<div class=\"wp-block-stackable-spacer stk-block-spacer stk--no-padding stk-block stk-f2a395c\" data-block-id=\"f2a395c\"><style>.stk-f2a395c {height:36px !important;}<\/style><\/div>\n\n\n\n<div class=\"wp-block-stackable-divider stk-block-divider stk-block stk-f251d31\" data-block-id=\"f251d31\"><hr class=\"stk-block-divider__hr\"\/><\/div>\n\n\n\n<p class=\"has-text-align-center\">&#x23f3;&nbsp;<strong>Impatient ?&nbsp;<\/strong>Ne laissez pas le hasard d\u00e9cider et&nbsp;<strong>r\u00e9servez vos billets d\u00e8s maintenant<\/strong>&nbsp;!<\/p>\n\n\n\n<div class=\"wp-block-stackable-spacer stk-block-spacer stk--no-padding stk-block stk-1bf433f\" data-block-id=\"1bf433f\"><style>.stk-1bf433f {height:36px !important;}<\/style><\/div>\n\n\n\n<div class=\"wp-block-stackable-button-group stk-block-button-group stk-block stk-398d9a9\" data-block-id=\"398d9a9\"><div class=\"stk-row stk-inner-blocks has-text-align-center stk-block-content stk-button-group\">\n<div class=\"wp-block-stackable-button stk-block-button stk-block stk-f614801\" data-block-id=\"f614801\"><style>.stk-f614801 .stk-button{min-height:0px !important;background:#0693e3 !important;border-top-left-radius:11px !important;border-top-right-radius:11px !important;border-bottom-right-radius:11px !important;border-bottom-left-radius:11px !important;}.stk-f614801 .stk-button:before{border-style:solid !important;border-top-width:1px !important;border-right-width:1px !important;border-bottom-width:1px !important;border-left-width:1px !important;}.stk-f614801 .stk-button__inner-text{color:#ffffff !important;}<\/style><a class=\"stk-link stk-button stk--hover-effect-darken\" href=\"https:\/\/tickets-portleucate.aqualand.fr\/content?_gl=1*1pcc8m1*_ga*MTk2NzIzNTQwLjE3MDc5ODU4NTA.*_ga_WHRE3XMDWN*czE3NTEyODk2OTEkbzQ4JGcxJHQxNzUxMjg5OTI4JGo2MCRsMCRoMA..*_fplc*ODVBUjROVll0dklFYkU0Q3hyWkV5NUpRWTZlOWV2REpacE14cm53Vjk2dDlhd2V5cXNrR3FVU0xYeXBKamoxTWxwdldmNzhLaUlOV0F5N0QlMkZZWVl1Y3k2VjNDanExeG5FenlrJTJCUFpqcVA0UGRSbVM4SzdHT2h2TVdBaXltZyUzRCUzRA..\" target=\"_blank\" rel=\"noreferrer noopener\"><span class=\"has-text-color stk-button__inner-text\"><strong>&#x1f449; Billetterie 2025<\/strong><\/span><\/a><\/div>\n<\/div><\/div>\n\n\n\n<p><\/p>\n","protected":false},"excerpt":{"rendered":"<p>GRAND JEU CONCOURS AQUALAND OUVERTURE 2025 &#8211; 100% GAGNANT ! &#x1f5d3;&#xfe0f;Du Lundi 30 Juin au Lundi 07 Juillet 2025. Participez au Grand Jeu Concours Aqualand et tentez de gagner vos invitations pour la Saison 2025 ! 4 INVITATIONS x 5 GAGNANTS ! &#x1f973; Envie de partager une journ\u00e9e \u00e9claboussante avec vos proches ? Tentez votre [&hellip;]<\/p>\n","protected":false},"author":1,"featured_media":0,"parent":0,"menu_order":0,"comment_status":"closed","ping_status":"closed","template":"","meta":{"_acf_changed":false,"footnotes":""},"class_list":["post-427","page","type-page","status-publish","hentry"],"acf":[],"aioseo_notices":[],"_links":{"self":[{"href":"https:\/\/www.aqualand.fr\/port-leucate\/wp-json\/wp\/v2\/pages\/427","targetHints":{"allow":["GET"]}}],"collection":[{"href":"https:\/\/www.aqualand.fr\/port-leucate\/wp-json\/wp\/v2\/pages"}],"about":[{"href":"https:\/\/www.aqualand.fr\/port-leucate\/wp-json\/wp\/v2\/types\/page"}],"author":[{"embeddable":true,"href":"https:\/\/www.aqualand.fr\/port-leucate\/wp-json\/wp\/v2\/users\/1"}],"replies":[{"embeddable":true,"href":"https:\/\/www.aqualand.fr\/port-leucate\/wp-json\/wp\/v2\/comments?post=427"}],"version-history":[{"count":3,"href":"https:\/\/www.aqualand.fr\/port-leucate\/wp-json\/wp\/v2\/pages\/427\/revisions"}],"predecessor-version":[{"id":431,"href":"https:\/\/www.aqualand.fr\/port-leucate\/wp-json\/wp\/v2\/pages\/427\/revisions\/431"}],"wp:attachment":[{"href":"https:\/\/www.aqualand.fr\/port-leucate\/wp-json\/wp\/v2\/media?parent=427"}],"curies":[{"name":"wp","href":"https:\/\/api.w.org\/{rel}","templated":true}]}}